{"id":385,"date":"2026-02-23T10:24:21","date_gmt":"2026-02-23T13:24:21","guid":{"rendered":"https:\/\/refrigeracaobarbosa.com.br\/?page_id=385"},"modified":"2026-02-23T10:30:07","modified_gmt":"2026-02-23T13:30:07","slug":"politicas","status":"publish","type":"page","link":"https:\/\/refrigeracaobarbosa.com.br\/?page_id=385","title":{"rendered":"Politicas"},"content":{"rendered":"\t\t<div data-elementor-type=\"wp-page\" data-elementor-id=\"385\" class=\"elementor elementor-385\" data-elementor-post-type=\"page\">\n\t\t\t\t<div class=\"elementor-element elementor-element-41121b2 e-con-full e-flex e-con e-parent\" data-id=\"41121b2\" data-element_type=\"container\" data-e-type=\"container\" data-settings=\"{&quot;background_background&quot;:&quot;classic&quot;}\">\n\t\t\t\t<div class=\"elementor-element elementor-element-7cda254 elementor-widget elementor-widget-heading\" data-id=\"7cda254\" data-element_type=\"widget\" data-e-type=\"widget\" data-widget_type=\"heading.default\">\n\t\t\t\t\t<h2 class=\"elementor-heading-title elementor-size-default\">Pol\u00edtica de Privacidade<\/h2>\t\t\t\t<\/div>\n\t\t\t\t<\/div>\n\t\t<div class=\"elementor-element elementor-element-9b1ce6c e-flex e-con-boxed e-con e-parent\" data-id=\"9b1ce6c\" data-element_type=\"container\" data-e-type=\"container\" data-settings=\"{&quot;background_background&quot;:&quot;classic&quot;}\">\n\t\t\t\t\t<div class=\"e-con-inner\">\n\t\t\t\t<div class=\"elementor-element elementor-element-bbbc921 elementor-widget elementor-widget-text-editor\" data-id=\"bbbc921\" data-element_type=\"widget\" data-e-type=\"widget\" data-widget_type=\"text-editor.default\">\n\t\t\t\t\t\t\t\t\t<h2 data-start=\"287\" data-end=\"303\">1. Introdu\u00e7\u00e3o<\/h2><p data-start=\"305\" data-end=\"576\">Bem-vindo \u00e0 Refrigera\u00e7\u00e3o Barbosa Ltda. Esta Pol\u00edtica de Privacidade descreve como coletamos, utilizamos, armazenamos e protegemos as informa\u00e7\u00f5es pessoais de nossos usu\u00e1rios e clientes, em conformidade com a Lei n\u00ba 13.709\/2018 (Lei Geral de Prote\u00e7\u00e3o de Dados \u2013 LGPD).<\/p><p data-start=\"578\" data-end=\"645\">Ao utilizar nosso site, voc\u00ea concorda com os termos desta Pol\u00edtica.<\/p><hr data-start=\"647\" data-end=\"650\" \/><h2 data-start=\"652\" data-end=\"679\">2. Informa\u00e7\u00f5es Coletadas<\/h2><p data-start=\"681\" data-end=\"722\">Podemos coletar as seguintes informa\u00e7\u00f5es:<\/p><h3 data-start=\"724\" data-end=\"748\">Informa\u00e7\u00f5es Pessoais<\/h3><ul data-start=\"749\" data-end=\"852\"><li data-start=\"749\" data-end=\"755\"><p data-start=\"751\" data-end=\"755\">Nome<\/p><\/li><li data-start=\"756\" data-end=\"766\"><p data-start=\"758\" data-end=\"766\">Telefone<\/p><\/li><li data-start=\"767\" data-end=\"775\"><p data-start=\"769\" data-end=\"775\">E-mail<\/p><\/li><li data-start=\"776\" data-end=\"786\"><p data-start=\"778\" data-end=\"786\">Endere\u00e7o<\/p><\/li><li data-start=\"787\" data-end=\"852\"><p data-start=\"789\" data-end=\"852\">Dados fornecidos para or\u00e7amento, atendimento t\u00e9cnico ou contato<\/p><\/li><\/ul><p data-start=\"854\" data-end=\"970\">Essas informa\u00e7\u00f5es s\u00e3o fornecidas voluntariamente pelo usu\u00e1rio por meio de formul\u00e1rios, WhatsApp, telefone ou e-mail.<\/p><h3 data-start=\"972\" data-end=\"1000\">Informa\u00e7\u00f5es de Navega\u00e7\u00e3o<\/h3><ul data-start=\"1001\" data-end=\"1103\"><li data-start=\"1001\" data-end=\"1014\"><p data-start=\"1003\" data-end=\"1014\">Endere\u00e7o IP<\/p><\/li><li data-start=\"1015\" data-end=\"1034\"><p data-start=\"1017\" data-end=\"1034\">Tipo de navegador<\/p><\/li><li data-start=\"1035\" data-end=\"1054\"><p data-start=\"1037\" data-end=\"1054\">P\u00e1ginas acessadas<\/p><\/li><li data-start=\"1055\" data-end=\"1075\"><p data-start=\"1057\" data-end=\"1075\">Tempo de navega\u00e7\u00e3o<\/p><\/li><li data-start=\"1076\" data-end=\"1103\"><p data-start=\"1078\" data-end=\"1103\">Dados estat\u00edsticos de uso<\/p><\/li><\/ul><h3 data-start=\"1105\" data-end=\"1116\">Cookies<\/h3><p data-start=\"1117\" data-end=\"1233\">Utilizamos cookies para melhorar a experi\u00eancia do usu\u00e1rio, analisar o desempenho do site e otimizar nossos servi\u00e7os.<\/p><hr data-start=\"1235\" data-end=\"1238\" \/><h2 data-start=\"1240\" data-end=\"1265\">3. Uso das Informa\u00e7\u00f5es<\/h2><p data-start=\"1267\" data-end=\"1312\">As informa\u00e7\u00f5es coletadas s\u00e3o utilizadas para:<\/p><ul data-start=\"1314\" data-end=\"1552\"><li data-start=\"1314\" data-end=\"1349\"><p data-start=\"1316\" data-end=\"1349\">Responder solicita\u00e7\u00f5es de contato<\/p><\/li><li data-start=\"1350\" data-end=\"1371\"><p data-start=\"1352\" data-end=\"1371\">Elaborar or\u00e7amentos<\/p><\/li><li data-start=\"1372\" data-end=\"1398\"><p data-start=\"1374\" data-end=\"1398\">Agendar visitas t\u00e9cnicas<\/p><\/li><li data-start=\"1399\" data-end=\"1465\"><p data-start=\"1401\" data-end=\"1465\">Prestar servi\u00e7os de instala\u00e7\u00e3o, manuten\u00e7\u00e3o e assist\u00eancia t\u00e9cnica<\/p><\/li><li data-start=\"1466\" data-end=\"1508\"><p data-start=\"1468\" data-end=\"1508\">Cumprir obriga\u00e7\u00f5es legais e regulat\u00f3rias<\/p><\/li><li data-start=\"1509\" data-end=\"1552\"><p data-start=\"1511\" data-end=\"1552\">Melhorar a navega\u00e7\u00e3o e desempenho do site<\/p><\/li><\/ul><p data-start=\"1554\" data-end=\"1636\">N\u00e3o utilizamos os dados para envio de comunica\u00e7\u00f5es promocionais sem consentimento.<\/p><hr data-start=\"1638\" data-end=\"1641\" \/><h2 data-start=\"1643\" data-end=\"1680\">4. Compartilhamento de Informa\u00e7\u00f5es<\/h2><p data-start=\"1682\" data-end=\"1757\">A Refrigera\u00e7\u00e3o Barbosa Ltda \u2013 ME n\u00e3o vende nem comercializa dados pessoais.<\/p><p data-start=\"1759\" data-end=\"1821\">O compartilhamento pode ocorrer apenas quando necess\u00e1rio para:<\/p><ul data-start=\"1823\" data-end=\"1999\"><li data-start=\"1823\" data-end=\"1857\"><p data-start=\"1825\" data-end=\"1857\">Cumprimento de obriga\u00e7\u00f5es legais<\/p><\/li><li data-start=\"1858\" data-end=\"1892\"><p data-start=\"1860\" data-end=\"1892\">Execu\u00e7\u00e3o de servi\u00e7os contratados<\/p><\/li><li data-start=\"1893\" data-end=\"1948\"><p data-start=\"1895\" data-end=\"1948\">Atendimento a exig\u00eancias judiciais ou administrativas<\/p><\/li><li data-start=\"1949\" data-end=\"1999\"><p data-start=\"1951\" data-end=\"1999\">Parcerias t\u00e9cnicas autorizadas, quando aplic\u00e1vel<\/p><\/li><\/ul><hr data-start=\"2001\" data-end=\"2004\" \/><h2 data-start=\"2006\" data-end=\"2037\">5. Seguran\u00e7a das Informa\u00e7\u00f5es<\/h2><p data-start=\"2039\" data-end=\"2197\">Adotamos medidas t\u00e9cnicas e administrativas adequadas para proteger os dados pessoais contra acessos n\u00e3o autorizados, perda, altera\u00e7\u00e3o ou divulga\u00e7\u00e3o indevida.<\/p><p data-start=\"2199\" data-end=\"2322\">Apesar disso, nenhum sistema \u00e9 totalmente seguro, e n\u00e3o podemos garantir seguran\u00e7a absoluta nas transmiss\u00f5es pela internet.<\/p><hr data-start=\"2324\" data-end=\"2327\" \/><h2 data-start=\"2329\" data-end=\"2352\">6. Reten\u00e7\u00e3o de Dados<\/h2><p data-start=\"2354\" data-end=\"2513\">Os dados pessoais s\u00e3o mantidos apenas pelo tempo necess\u00e1rio para cumprir as finalidades para as quais foram coletados, respeitando os prazos legais aplic\u00e1veis.<\/p><hr data-start=\"2515\" data-end=\"2518\" \/><h2 data-start=\"2520\" data-end=\"2545\">7. Direitos do Titular<\/h2><p data-start=\"2547\" data-end=\"2602\">Nos termos da LGPD, o titular dos dados pode solicitar:<\/p><ul data-start=\"2604\" data-end=\"2790\"><li data-start=\"2604\" data-end=\"2645\"><p data-start=\"2606\" data-end=\"2645\">Confirma\u00e7\u00e3o da exist\u00eancia de tratamento<\/p><\/li><li data-start=\"2646\" data-end=\"2664\"><p data-start=\"2648\" data-end=\"2664\">Acesso aos dados<\/p><\/li><li data-start=\"2665\" data-end=\"2714\"><p data-start=\"2667\" data-end=\"2714\">Corre\u00e7\u00e3o de dados incompletos ou desatualizados<\/p><\/li><li data-start=\"2715\" data-end=\"2761\"><p data-start=\"2717\" data-end=\"2761\">Exclus\u00e3o de dados pessoais, quando aplic\u00e1vel<\/p><\/li><li data-start=\"2762\" data-end=\"2790\"><p data-start=\"2764\" data-end=\"2790\">Revoga\u00e7\u00e3o do consentimento<\/p><\/li><\/ul><p data-start=\"2792\" data-end=\"2926\">Para exercer seus direitos, entre em contato pelo e-mail:<br data-start=\"2849\" data-end=\"2852\" \/>refrigeracaobarbosaltda@yahoo.com.br<\/p><h2 data-start=\"2933\" data-end=\"2964\">8. Altera\u00e7\u00f5es nesta Pol\u00edtica<\/h2><p data-start=\"2966\" data-end=\"3130\">Esta Pol\u00edtica de Privacidade pode ser atualizada a qualquer momento para refletir altera\u00e7\u00f5es legais ou operacionais. Recomendamos a consulta peri\u00f3dica desta p\u00e1gina.<\/p><hr data-start=\"3132\" data-end=\"3135\" \/><h2 data-start=\"3137\" data-end=\"3150\">9. Contato<\/h2><p data-start=\"3152\" data-end=\"3273\">Refrigera\u00e7\u00e3o Barbosa Ltda<br data-start=\"3182\" data-end=\"3185\" \/>CNPJ: 16.737.108\/0001-00<br data-start=\"3209\" data-end=\"3212\" \/>Rua Major Gote, 819 \u2013 Bairro Cai\u00e7aras<br data-start=\"3249\" data-end=\"3252\" \/>Patos de Minas \u2013 MG<\/p><p data-start=\"3275\" data-end=\"3371\">Em caso de d\u00favidas sobre esta Pol\u00edtica, entre em contato pelos canais dispon\u00edveis em nosso site.<\/p><hr data-start=\"3373\" data-end=\"3376\" \/><p data-start=\"3378\" data-end=\"3420\"><strong data-start=\"3378\" data-end=\"3420\">Atualizado em 23 de fevereiro de 2026.<\/strong><\/p>\t\t\t\t\t\t\t\t<\/div>\n\t\t\t\t\t<\/div>\n\t\t\t\t<\/div>\n\t\t\t\t<\/div>\n\t\t","protected":false},"excerpt":{"rendered":"<p>Pol\u00edtica de Privacidade 1. Introdu\u00e7\u00e3o Bem-vindo \u00e0 Refrigera\u00e7\u00e3o Barbosa Ltda. Esta Pol\u00edtica de Privacidade descreve como coletamos, utilizamos, armazenamos e protegemos as informa\u00e7\u00f5es pessoais de nossos usu\u00e1rios e clientes, em conformidade com a Lei n\u00ba 13.709\/2018 (Lei Geral de Prote\u00e7\u00e3o de Dados \u2013 LGPD). Ao utilizar nosso site, voc\u00ea concorda com os termos desta Pol\u00edtica. [&hellip;]<\/p>\n","protected":false},"author":1,"featured_media":0,"parent":0,"menu_order":0,"comment_status":"closed","ping_status":"closed","template":"elementor_canvas","meta":{"footnotes":""},"class_list":["post-385","page","type-page","status-publish","hentry"],"_links":{"self":[{"href":"https:\/\/refrigeracaobarbosa.com.br\/index.php?rest_route=\/wp\/v2\/pages\/385","targetHints":{"allow":["GET"]}}],"collection":[{"href":"https:\/\/refrigeracaobarbosa.com.br\/index.php?rest_route=\/wp\/v2\/pages"}],"about":[{"href":"https:\/\/refrigeracaobarbosa.com.br\/index.php?rest_route=\/wp\/v2\/types\/page"}],"author":[{"embeddable":true,"href":"https:\/\/refrigeracaobarbosa.com.br\/index.php?rest_route=\/wp\/v2\/users\/1"}],"replies":[{"embeddable":true,"href":"https:\/\/refrigeracaobarbosa.com.br\/index.php?rest_route=%2Fwp%2Fv2%2Fcomments&post=385"}],"version-history":[{"count":0,"href":"https:\/\/refrigeracaobarbosa.com.br\/index.php?rest_route=\/wp\/v2\/pages\/385\/revisions"}],"wp:attachment":[{"href":"https:\/\/refrigeracaobarbosa.com.br\/index.php?rest_route=%2Fwp%2Fv2%2Fmedia&parent=385"}],"curies":[{"name":"wp","href":"https:\/\/api.w.org\/{rel}","templated":true}]}}